801773 is divided by 503.
497
Calculate the remainder when 332080 is divided by 23580.
1960
What is the remainder when 2741466 is divided by 913821?
3
Calculate the remainder when 23935538 is divided by 13.
3
Calculate the remainder when 2153903 is divided by 15.
8
Calculate the remainder when 12881528 is divided by 156.
140
Calculate the remainder when 157409 is divided by 2915.
2914
Calculate the remainder when 134045 is divided by 3599.
882
Calculate the remainder when 1361881 is divided by 85114.
57
What is the remainder when 4822782 is divided by 15?
12
Calculate the remainder when 2631757 is divided by 375964.
9
What is the remainder when 1526835 is divided by 36?
3
Calculate the remainder when 23558 is divided by 972.
230
What is the remainder when 1726522 is divided by 1446?
1444
Calculate the remainder when 328882 is divided by 164398.
86
Calculate the remainder when 3060426 is divided by 7613.
0
Calculate the remainder when 1314201 is divided by 5789.
98
Calculate the remainder when 165173 is divided by 366.
107
Calculate the remainder when 754666 is divided by 2708.
1842
What is the remainder when 824322 is divided by 6882?
5364
Calculate the remainder when 62135 is divided by 2282.
521
Calculate the remainder when 5458633 is divided by 1819526.
55
What is the remainder when 4510045 is divided by 1686?
1681
Calculate the remainder when 105468755 is divided by 18069.
2
What is the remainder when 280505 is divided by 4831?
307
Calculate the remainder when 269381 is divided by 26925.
131
Calculate the remainder when 43985 is divided by 109.
58
What is the remainder when 999007215 is divided by 129?
126
Calculate the remainder when 424932 is divided by 399.
396
Calculate the remainder when 90393 is divided by 22543.
221
What is the remainder when 27061 is divided by 25515?
1546
Calculate the remainder when 2179261 is divided by 3416.
3269
What is the remainder when 311109 is divided by 3938?
7
What is the remainder when 10733010 is divided by 1825?
185
What is the remainder when 140262913 is divided by 27991?
12
Calculate the remainder when 46928862 is divided by 5665.
2
Calculate the remainder when 325351 is divided by 765.
226
What is the remainder when 75414193 is divided by 201?
199
Calculate the remainder when 3218734 is divided by 32512.
46
Calculate the remainder when 3593516 is divided by 147.
101
Calculate the remainder when 164459 is divided by 586.
379
What is the remainder when 250707 is divided by 3453?
2091
What is the remainder when 628103 is divided by 1142?
3
What is the remainder when 144839 is divided by 144526?
313
Calculate the remainder when 17176848 is divided by 35.
3
What is the remainder when 107521 is divided by 331?
277
What is the remainder when 114731 is divided by 1571?
48
What is the remainder when 313827 is divided by 38?
23
What is the remainder when 1059922 is divided by 1079?
344
Calculate the remainder when 718158 is divided by 916.
14
Calculate the remainder when 15136490 is divided by 2423.
9
What is the remainder when 98281562 is divided by 195?
2
Calculate the remainder when 4445767 is divided by 53.
21
Calculate the remainder when 33731314 is divided by 17.
16
What is the remainder when 13506763 is divided by 314103?
334
What is the remainder when 29942259 is divided by 44?
39
What is the remainder when 169462 is divided by 1777?
647
Calculate the remainder when 57279 is divided by 2046.
2037
What is the remainder when 1183909 is divided by 98649?
121
Calculate the remainder when 17642871 is divided by 80.
71
Calculate the remainder when 33720274 is divided by 16860137.
0
What is the remainder when 174266 is divided by 948?
782
What is the remainder when 3147150 is divided by 3147089?
61
Calculate the remainder when 19996337 is divided by 3154.
3131
What is the remainder when 14161 is divided by 682?
521
What is the remainder when 6956025 is divided by 2011?
1987
Calculate the remainder when 477043 is divided by 2699.
2019
What is the remainder when 45068606 is divided by 64?
62
Calculate the remainder when 3959799 is divided by 295.
14
What is the remainder when 1017319 is divided by 259?
226
Calculate the remainder when 10759 is divided by 827.
8
What is the remainder when 22534 is divided by 6859?
1957
Calculate the remainder when 904190 is divided by 113023.
6
Calculate the remainder when 15746571 is divided by 28321.
95
What is the remainder when 1416069 is divided by 353961?
225
Calculate the remainder when 249851 is divided by 2410.
1621
Calculate the remainder when 51803 is divided by 3949.
466
What is the remainder when 62602904 is divided by 219?
2
What is the remainder when 5780565 is divided by 9161?
9135
Calculate the remainder when 2535 is divided by 292.
199
Calculate the remainder when 153839 is divided by 153496.
343
What is the remainder when 257974 is divided by 370?
84
Calculate the remainder when 776994 is divided by 776601.
393
Calculate the remainder when 3719638 is divided by 619939.
4
What is the remainder when 27080166 is divided by 3758?
18
Calculate the remainder when 16367 is divided by 5448.
23
Calculate the remainder when 275857 is divided by 367.
240
Calculate the remainder when 1916244 is divided by 27364.
764
What is the remainder when 1946867 is divided by 973381?
105
Calculate the remainder when 606546 is divided by 101091.
0
Calculate the remainder when 10930612 is divided by 295421.
35
Calculate the remainder when 44527588 is divided by 102.
100
Calculate the remainder when 67688 is divided by 295.
133
What is the remainder when 761340 is divided by 3769?
2
What is the remainder when 13372341 is divided by 347?
2
What is the remainder when 2824053 is divided by 941333?
54
Calculate the remainder when 15257941 is divided by 953610.
181
Calculate the remainder when 73784618 is divided by 12297431.
32
What is the remainder when 8347945 is divided by 4969?
25
What is the remainder when 98101 is divided by 1350?
901
Calculate the remainder when 1743140 is divided by 39.
35
What is the remainder when 1569366 is divided by 248?
22
What is the remainder when 28782 is divided by 12?
6
Calculate the remainder when 508712 is divided by 61.
33
Calculate the remainder when 2116773 is divided by 240.
213
Calculate the remainder when 6989727 is divided by 1667.
1663
What is the remainder when 306627 is divided by 599?
538
Calculate the remainder when 1770437 is divided by 20118.
53
Calculate the remainder when 13177575 is divided by 3901.
3898
What is the remainder when 3935521 is divided by 2410?
2401
Calculate the remainder when 24281920 is divided by 239.
237
What is the remainder when 13878913 is divided by 112?
97
What is the remainder when 23002860 is divided by 5401?
1
Calculate the remainder when 40657167 is divided by 215.
22
What is the remainder when 20794585 is divided by 42964?
9
What is the remainder when 66025 is divided by 99?
91
What is the remainder when 49138 is divided by 4415?
573
Calculate the remainder when 136780 is divided by 1271.
783
Calculate the remainder when 1245363 is divided by 4846.
4787
Calculate the remainder when 4048199 is divided by 200.
199
What is the remainder when 571891 is divided by 260?
151
Calculate the remainder when 1079359 is divided by 218.
41
Calculate the remainder when 263173 is divided by 2582.
2391
What is the remainder when 32660056 is divided by 2957?
2948
Calculate the remainder when 2009132 is divided by 84.
20
Calculate the remainder when 34438 is divided by 95.
48
Calculate the remainder when 2997231 is divided by 325.
81
What is the remainder when 3337030 is divided by 1023?
4
Calculate the remainder when 1102794 is divided by 86.
16
Calculate the remainder when 673895 is divided by 5146.
4915
What is the remainder when 1426018402 is divided by 6?
4
What is the remainder when 653345768 is divided by 1085?
1083
What is the remainder when 12867309 is divided by 60?
9
Calculate the remainder when 2315894 is divided by 289480.
54
Calculate the remainder when 29514 is divided by 60.
54
Calculate the remainder when 12406812 is divided by 31650.
12
Calculate the remainder when 334917 is divided by 9521.
1682
Calculate the remainder when 2000020 is divided by 193.
154
Calculate the remainder when 5214561 is divide